he tens digit of j(p)?
3
Let n(h) = 2*h**2 + 2*h + 9. Suppose 4*v - 16 = -7*t + 2*t, v + 4*t = 4. What is the units digit of n(v)?
9
Suppose u = 5*d - 2*u - 13, -4*u = 2*d. Let n(v) = d*v**2 + 4*v**2 + 1 + 2*v - v**2. What is the tens digit of n(-2)?
1
Let y(s) = -s**3 - 5*s**2 - 2*s - 7. Suppose 20 = -2*m - 2*m. Let d be y(m). Suppose 0 = -2*n - d*n - 20, 3*g = 4*n + 91. What is the tens digit of g?
2
Let w be (1 - 0) + (-112)/(-1). Let f be 3*(-1)/(-1) + 17 + 5. Suppose 0 = -4*y - f + w. What is the units digit of y?
2
Suppose 3*i - 5*x = 81, -4*i + 3*x = -105 + 8. Let s = -3 + i. Suppose 2*j - j - 3*z = 3, 0 = -4*j + 5*z + s. What is the units digit of j?
6
Suppose 3*h + 3 - 8 = -4*d, h = -1. Suppose 3*q = 4*q - d. Suppose -m + 4*m = 3*o - 27, -q*o + m = -20. What is the units digit of o?
1
Let v(i) = -5*i + 3. Let q be v(3). Let g be ((-2)/(-4) - 2) + 201/(-6). Let j = q - g. What is the units digit of j?
3
Suppose l = 3*v - 1642, 0 = 4*v + v - 3*l - 2730. Suppose -v = -68*q + 65*q. What is the hundreds digit of q?
1
Let d(c) = c**3 + 2*c**2 - c. Let z be d(-2). Suppose -3*q - 425 = -n, -z*n = -5*n - q + 1225. What is the tens digit of 6/27 - n/(-18)?
2
Let p = -38 + 226. What is the hundreds digit of p?
1
Let b be 3/2*14/7. Suppose -2*w = b*g - 49, -g - 4*g = 5. What is the tens digit of w?
2
Let n = -13 + 13. Let u be (n + 0 - -3) + 0. Suppose 0 = -u*j + 83 - 32. What is the units digit of j?
7
Suppose 2*p = -5*v + 4279, 6*p = -3*v + 7*p + 2574. What is the tens digit of v?
5
Let x(a) = a**3 - 7*a**2 - 7*a - 6. Let w be x(8). Let r(b) = 9 + 4*b**w + 2 - b - 3*b**2. What is the tens digit of r(0)?
1
Let k(u) = u + 11. Let t be k(-8). Let q be (-1 - (-4)/t)*0. Suppose q = 5*j - j - 212. What is the units digit of j?
3
Let i(c) = 3*c**2 - 6*c + 21. What is the tens digit of i(-10)?
8
Suppose 972 = 6*z - 3*z. Suppose 7*v + 56 = w + 4*v, 4*v + z = 5*w. What is the tens digit of w?
6
Suppose -3 = k - 13. Let n = -8 + 15. Let w = k + n. What is the tens digit of w?
1
Let i = -3 + 15. Suppose -j - i = 2. What is the units digit of (6/(-2))/(j + 13)?
3
Let c(f) = -f**3 - 7*f**2 + 6*f - 11. Let l be c(-8). Suppose -l*t - 14 = 3*g, -t = -5*g + 5 + 9. Suppose -37 - 13 = -g*j. What is the tens digit of j?
2
Suppose 4 = -6*c + 7*c. Suppose -2*x = 2*x - c*s - 232, 3*s = -2*x + 101. What is the units digit of x?
5
Let i = 139 - -301. What is the units digit of i?
0
Let h(b) = 2*b**3 - 3*b**2 + 4*b - 2. Let p(z) = 2*z**2 - 4*z - 1. Let t be p(3). Suppose -4*x + t*o = 2, -3*x + 0*x - 4 = -5*o. What is the tens digit of h(x)?
1
Suppose -382 = -5*r + 3*r + 2*g, -4*r = 3*g - 757. Let y = r - 104. What is the tens digit of y?
8
What is the hundreds digit of (-2 - -5 - 3)/(-2) - -259?
2
What is the tens digit of (-91744)/(-168) - (-2)/(-21)?
4
Let f be (39/(-2))/(9/(-42)). Suppose 2*b + 3*h - f = 101, 2*h - 188 = -2*b. What is the tens digit of b?
9
Let o(f) = 2*f - 5. Let r be o(3). Suppose a + r = -y, 0 = -6*a + 2*a - 3*y - 1. What is the units digit of a?
2
What is the hundreds digit of (0 - 2/(-7)) + (-1611048)/(-3192)?
5
Suppose 2*f + 4*b = 1384, 3*b = 4*f - 180 - 2632. What is the units digit of f?
0
Suppose 3*z - 106 = -421. Let m = 154 + z. What is the tens digit of m?
4
Let z(o) = -o**3 + 11*o**2 + 2*o - 10. Let y be z(11). Suppose -82 = -y*l + 2174. What is the hundreds digit of l?
1
Let q(m) = m**3 + m**2 - m. Let j(d) = d**3 + 3*d**2 - 4*d - 10. Let z(b) = j(b) - 4*q(b). What is the units digit of z(-3)?
2
Let f(p) = -5*p + 7. Let h(c) = -4*c + 8. Let m(z) = -5*f(z) + 6*h(z). Let d be m(-11). Suppose d*g = 130 - 0. What is the tens digit of g?
6
Suppose -2*s - 2 = 2*w, -7*w + 2*w - 3*s + 5 = 0. Suppose -w*y + 7*y + 3 = 0. What is the units digit of (y/3)/(4/(-108))?
9
Let f(d) = d**2 + 5*d + 9. Let v(q) = q**3 + 8*q**2 - 9*q - 6. Suppose 6*w + 54 = -0. Let l be v(w). What is the tens digit of f(l)?
1
Suppose 5576 = 15*j - 7*j. Suppose -5*b + 68 = -j. What is the units digit of b?
3
Suppose 0 = 11*t - 5*t + 42. Let m = 34 - t. What is the units digit of m?
1
Suppose 4*d + 4*w = -16, 5*d + 0*w - 2*w = 8. Let g(l) = -l**3 - 6*l**2 - l - 1. Let f be g(-6). Suppose d*o - f*o = -95. What is the units digit of o?
9
Suppose -3*b = k + 25 + 7, -b = 3*k + 24. Let r be 2/b - 142/9. What is the units digit of (-12)/(-1)*(-24)/r?
8
Suppose -2*p - 5*v = -1835, -4*v = 5*p - 1334 - 3296. What is the hundreds digit of p?
9
Suppose -16 = 89*i - 93*i. Suppose 0 = 2*x - i*p - 47 + 7, -3*p = 2*x - 5. What is the tens digit of x?
1
Suppose -65*h + 80331 + 158414 = 0. What is the tens digit of h?
7
Let n be (5/(-3))/((-2)/6). Suppose -n*z + 3*g + 192 = 25, -5*g + 104 = 4*z. Let d = -22 + z. What is the units digit of d?
9
Suppose -6*s = -3*s + 5*j - 292, -4*j = 3*s - 290. What is the units digit of s?
4
Suppose -4*g - 2*z = -36, -4*z = -11*g + 8*g + 38. What is the units digit of g?
0
Suppose -3*n - 5*v = 2 - 8, 2*n = -v + 4. Suppose 0 = 5*a - 2*l - 1272, 2*a + 6*l - n*l - 528 = 0. What is the units digit of a?
6
What is the units digit of 318 - (0 - (-48)/(-8))?
4
Let x(g) = -29*g - 1. Let t be x(-1). Let j = 40 - t. What is the units digit of 369/j - (-2)/8?
1
Let a = 579 - 550. What is the tens digit of a?
2
Let c(x) = -178*x**3 - x**2 + 1. Let n be c(-1). Let u = n - 109. What is the tens digit of u?
6
Let k be (-7)/(-7) + 5 + 1. Let p(t) = 2*t**2 + 3*t + 3. Let b be p(k). Let m = -86 + b. What is the tens digit of m?
3
Let p = 3633 - 2385. What is the units digit of p?
8
Suppose 2*l = 3*a + 261, 527 = 4*l - 10*a + 5*a. What is the tens digit of l?
3
Suppose -10*p + 15*p - 175 = 0. Let o = p + -28. What is the units digit of o?
7
Suppose 166*w - 24 = 163*w. What is the units digit of (0 + w/4*3)*5?
0
What is the hundreds digit of ((-25)/5 - 13)/((-1)/16)?
2
Let b(f) = 4*f + 183. What is the tens digit of b(0)?
8
Let u = -12 + 18. Suppose -5*i + 288 = 7*i. Let p = u + i. What is the units digit of p?
0
Suppose 2*c + 9 = -c, -4*g + 3*c = 11. What is the units digit of (g - (0 - 2)) + 69?
6
Suppose -9*h = -5*h - 44. Suppose 12*k - 95 = -h. What is the units digit of k?
7
What is the tens digit of (2 - 6)/((-4)/(-30)*-1)?
3
Let m(p) = -p**2 + 24*p - 14. Let f(h) = 2*h**2 - 72*h + 42. Let y(t) = -3*f(t) - 8*m(t). What is the hundreds digit of y(-19)?
2
Let f = -7 + 13. Suppose 0 = 3*y - 20 - 16. Let r = f + y. What is the tens digit of r?
1
Let m = -1486 - -2256. What is the tens digit of m?
7
Let k be (-2 - 141/(-6))*2. Suppose 0 = -b - 3*w + k, 0*b - 4*w = -b + 78. What is the units digit of b?
8
Suppose 3*d - 8*d - c + 17 = 0, -3*d + 4*c = -24. Let a(j) = 2*j + 1. Let y be a(d). Suppose -2*v = 2*v - 5*b - y, 0 = -v + b + 3. What is the units digit of v?
6
Let j = -99 - -113. Suppose -4*c = -t - 119, t - 12 - j = -c. What is the units digit of c?
9
Let p = 5 + -3. Suppose 0 = 16*n + 8*n - 72. Suppose 0 = 4*y - p*u - 16, 0 = -2*y + n*y + 5*u - 15. What is the units digit of y?
5
Let x = -31 + 20. Let g(f) = 2*f + 15. Let j be g(x). Let m(z) = 2*z**2 + 12*z + 15. What is the tens digit of m(j)?
2
Let m be 4/6 - (-348)/18. What is the units digit of 10/(-4)*(-264)/m?
3
Suppose 3*s = o - 630, -438 = 4*s + 4*o + 386. Let n = -123 - s. What is the tens digit of n?
8
Suppose 0 = 4*z - 504 - 2048. What is the hundreds digit of z?
6
Suppose -4*q + 418 = 3*d, -148 = -d + 7*q - 4*q. Let r = 211 - d. What is the tens digit of r?
6
Let y(v) = 22*v + 2. Let k be y(9). What is the units digit of ((-18)/(-9) + k/(-2))/(-1)?
8
Suppose -3*y = -6, -2*y + 12 = 4*s - 4*y. Suppose w = s*x + 102, -4*w - w + 405 = x. What is the tens digit of w?
8
Suppose p - 5*u = -125, -3*p - 275 = 8*u - 3*u. What is the hundreds digit of p/75 + ((-1970)/(-6) - 1)?
3
What is the tens digit of (-7 + 5)*2559/(-6)?
5
Let j(p) = p**2 + 1. Let t be j(1). Suppose t*y - 2*h = -0*y + 218, 0 = -5*y - 3*h + 561. What is the tens digit of (48/(-36))/((-2)/y)?
7
Suppose 3*g = -u - 22, -5*u + 3 = -4*g - 1. What is the tens digit of 5 + g - 128/(-4)?
3
Let d(t) = -t**3 + 12*t**2 - 10*t - 7. Let s be d(11). Let h(k) = k**3 + k**2 + k + 1. Let a be h(s). Let j = a - 23. What is the tens digit of j?
6
Suppose 2*s + 31 = 5. Suppose 74 + 11 = 5*h. Let w = s + h. What is the units digit of w?
4
Let u(h) = 132*h + 76. What 